et l = d - 2. What is k(l)?
-6
Suppose -17*o + 13*o + 16 = 0. Let a(f) = f**3 - f**2 + f - 1. Let t(r) = -3*r**3 + r**2 - 9*r + 8. Let j(c) = -4*a(c) - t(c). Determine j(o).
0
Let f(n) = -n**3 - 4*n**2 - 5*n - 4. Let s be f(-3). Let u(c) = -s*c**2 + 3*c**2 + 4*c + c - c. Let k(r) = -r - 10. Let v be k(-6). Give u(v).
0
Let h(r) be the third derivative of 1/8*r**4 - 1/6*r**3 + 0 + 0*r + 4*r**2. Calculate h(2).
5
Let s be (-13)/(-26) - 2/4. Suppose -1 + s = w. Let k(r) = -2*r**2 - 2*r - 1. Calculate k(w).
-1
Let p(g) = -4*g - 1. Let c = 4 - 5. Let u be p(c). Let m(l) = -u + l**2 - 1 - l + 3. Give m(-2).
5
Let s be (-2)/10 + (-48)/10. Let n = s - -7. Let j(i) = 4*i**n - 2*i**2 - 3*i**2 + 0*i**2 - 2. What is j(-3)?
-11
Let m(s) be the second derivative of -s**8/6720 - s**6/720 - 5*s**4/12 - 4*s. Let r(h) be the third derivative of m(h). Calculate r(0).
0
Let g = 15/2 - 6. Let y(n) be the first derivative of -g*n**2 + 3 + n. Give y(-3).
10
Let j(i) be the third derivative of i**4/24 + i**3/6 + 27*i**2. Calculate j(2).
3
Suppose 2*y = r - 7, -3*y - 4*r = -y - 8. Let d(n) be the first derivative of 7*n**2 - 1 - 3*n**2 - n - 3*n**2 + n**3. Determine d(y).
7
Let s(v) be the third derivative of -v**4/8 - v**3/6 - 2*v**2. Let b be s(-1). Suppose -d = b*d - 9. Let a(y) = 2*y**2 - 3*y + 1. What is a(d)?
10
Let d(j) = -j - 2. Let o be d(-7). Let r(q) = q**2 - 5*q - 4. Give r(o).
-4
Let y(t) = 5*t + 20. Let q be y(-5). Let o(x) be the second derivative of -x**3/3 - 7*x**2/2 - x. What is o(q)?
3
Let x(g) = g**2 - g - 1. Suppose 5*s + 18 = -k, -3*k + 4*s + 2 + 20 = 0. Give x(k).
1
Suppose 5*a - 7 = -4*u, 5*u + 2 = 2*a + 19. Let m(b) = -10*b + 1. Give m(a).
11
Let a(l) = -7*l + 15 - 2 - 2 - 6*l. Let z(v) = 6*v - 5. Let o(h) = -3*a(h) - 7*z(h). Let g(b) = b. Let n(p) = -2*g(p) - o(p). Calculate n(5).
3
Let w(l) = l**2 + 4*l - 5*l + 0*l. Let j = -6 - 1. Let g = 5 + j. Calculate w(g).
6
Let w(g) = 3*g. Let c = 11 - 7. Let d = 0 + c. Suppose -v + d*v = 9. Determine w(v).
9
Let z(w) be the third derivative of -w**4/12 - w**3/2 + 11*w**2. Give z(-3).
3
Let v(a) = -a**2 - 3*a + 7. Suppose 16 = u - 2*k, u + 4*k + 14 = 2*u. Suppose 4*r + 17 = -2*f + 3*f, -u = 3*r + f. Let g be 2/(1 - -1)*r. Give v(g).
-3
Let w(l) = 1. Let h(v) = 5*v + 4. Let p(y) = h(y) - 3*w(y). Give p(1).
6
Let s(k) be the second derivative of -4*k**2 + 1/12*k**4 + 4*k + 0 + 1/2*k**3. Give s(-6).
10
Let z be (5/4)/((-2)/(-8)). Suppose 0 = -5*b + 4*c, c = 3*b + 2 + z. Let j(v) = -2*v + 0*v + 0*v - 1. Give j(b).
7
Let m(o) = -4*o - 6. Let q(h) be the third derivative of 1/8*h**4 + 0*h - 4*h**2 + 5/6*h**3 + 0. Let v(y) = -2*m(y) - 3*q(y). What is v(4)?
-7
Let t = -10 - -6. Let y(g) = -3 + 3*g - g**2 - 9*g - 2. Let v be y(t). Let f(z) = 2*z**2 - 3*z - 3. What is f(v)?
6
Suppose -f + 5 = -1. Let q(g) be the second derivative of -g**4/24 + 5*g**3/6 - 6*g**2 - 10*g. Let z(d) be the first derivative of q(d). What is z(f)?
-1
Let d(w) = -7*w**2 + w. Suppose 3*s - 5 = -4*n, 0 = 5*s + 2*n + 4 - 3. What is d(s)?
-8
Let v(d) = 74*d + 73*d - 137*d. Give v(1).
10
Let v(q) = -q + 1. Suppose 7*f - 3*p - 15 = 3*f, -2*f + p = -9. Give v(f).
-5
Let y(c) = c**2 + 1. Let b(l) = -3*l**2 - l - 2. Let a(d) = -2*b(d) - 7*y(d). Suppose -4*z + 0*z = -k - 9, -2*z - 5*k = 1. Calculate a(z).
-3
Let p(z) = 4*z. Suppose 0 = -0*v - v + 2. Suppose o + 0 = v. Suppose 2 = -o*s - 2. Calculate p(s).
-8
Let l = -6 + 9. Suppose l*g - 6 = 0, -3*b - 3 = -4*g - 1. Let u(a) = -3*a**b - 7*a + 2*a**2 - 6 + 0*a**2. Give u(-4).
6
Let j(b) = 2*b**2 - 4 - 3*b + 2*b**3 + 0*b**3 - 5*b**2. Calculate j(3).
14
Let n(j) = 6. Let d(i) = i**2 + 3. Let v(s) = -6*d(s) + 3*n(s). Calculate v(1).
-6
Suppose -2*k + 32 = -4*j + 4, 4*k - 16 = -2*j. Let h(x) = x**3 - 6*x**2 - x + 7. Calculate h(k).
1
Let h(d) = -42*d**2 - 6*d - 2*d + d**3 + 46*d**2 + 2*d. Calculate h(-5).
5
Let q(n) be the second derivative of -n**8/6720 + n**7/420 - n**6/180 + n**5/24 + n**4/6 + 2*n. Let w(i) be the third derivative of q(i). Give w(5).
10
Let w(z) = -z - 3. Let i be w(-1). Let j(o) = o**3 + o**2 - 3*o - 3. What is j(i)?
-1
Let j(p) be the third derivative of -p**4/8 + p**3/6 + 4*p**2. Let x be (-34)/(-10) + 4/(-10). Suppose 2*u = x - 7. Give j(u).
7
Let n be 0/(-2*(-4)/(-8)). Let u(y) = -y**3 - y**2 - 3. Calculate u(n).
-3
Let b(z) = z**3 - 2*z**2 - 1. Let c(l) = -2*l + 18. Let g be c(13). Let a(r) be the first derivative of r**2/2 + 10*r + 1. Let i be a(g). Determine b(i).
-1
Let c(b) be the second derivative of -b**5/20 - 5*b**4/12 - 2*b**3/3 + b**2/2 - 8*b. What is c(-3)?
-5
Let j(c) = c**2 + 10*c - 7. Let o be j(-10). Let z(i) = -i**3 - 7*i**2 - 3*i - 4. Determine z(o).
17
Let h be 44/16 + 1/4. Let y(m) = 2 + 0 + h + 3*m. Suppose 0 = -3*n - 2*w - 0*w - 13, -4*w - 1 = n. What is y(n)?
-10
Let l(z) = 4*z - 2. Let h be l(1). Let i(v) = v**3 - v**2 + v - 1. Calculate i(h).
5
Let z(s) = -s**2 - 1. Let n(m) = m**3 - m**2. Let j(d) = 2*d**3 - 5*d**2 - 3*d - 4. Let h(k) = j(k) - n(k). Let g(f) = -h(f) + z(f). Give g(3).
12
Let b(m) = 2*m. Suppose -3*i = -i + 10. Calculate b(i).
-10
Let q(b) = 2*b + 1. Let i be ((-90)/8)/5*-4. Let f(l) = -l**2 + 9*l + 5. Let z be f(9). Suppose -4*w = 2*o - 1 + i, -36 = 4*w - z*o. Give q(w).
-7
Let k(x) = -x**3 + 5*x**2 + 2*x + 7. Let g(w) = w + 5. Let m be g(0). What is k(m)?
17
Let y(n) = 2*n**2 + n**3 - 20 + 21 - 2*n**3 - 3*n**3 + 2*n. What is y(-1)?
5
Let g(h) be the third derivative of -h**4/12 + h**3/2 - 9*h**2. What is g(2)?
-1
Let a(f) = -2*f. Let s be (-2 - 4/(-3))/((-4)/6). What is a(s)?
-2
Let w(n) = n**2 - 7*n + 7. Let a be 1/(5/100*4). What is w(a)?
-3
Let d(l) = -l**3 + 6*l**2 + 2. Let t = 1 + 5. Give d(t).
2
Let b(k) be the second derivative of k**3/6 - k. Suppose -5*h - 2 + 2 = 0. Calculate b(h).
0
Let q(u) = u**2 - 12. Let n be (0/(-6))/((-9)/3). Calculate q(n).
-12
Let n(m) = m + m + 1015 + 2*m**3 - 1022 + 6*m**2 - 3*m**3. What is n(6)?
5
Let v(q) = 5*q + 2*q**3 - 6 + 18*q**3 - 6*q**2 - 21*q**3. Give v(-7).
8
Let m(r) be the first derivative of 1/2*r**2 - 4 + r + r**3 + 1/4*r**4. Calculate m(-2).
3
Let d(f) = -9 - 3*f + 16*f - 12*f - 1. What is d(6)?
-4
Let y(i) = 4*i - 4*i - 3 + i**2 + 4*i. Suppose 4*q + 15 = -5. Give y(q).
2
Let q(v) = 2*v + 6. Suppose -3*a - 2*a - 21 = i, 4*a + 30 = -3*i. Calculate q(i).
-6
Let g(a) = 2 - 1 - 6*a + 4*a. Give g(-1).
3
Let i(q) = 2*q + 3*q**3 - 4*q**3 + 9 + 2 - 3*q. Give i(0).
11
Let o(p) = -p**2 + 6*p + 3. Let h be o(6). Let r be (-3 + 0 + 2)*-5. Suppose -5*g = -h*v + 32, 2*g + r*v - 8 = -g. Let j(i) = i**2 + 4*i + 1. Calculate j(g).
1
Let l = -14 + 15. Let u(z) = -4*z - 1. Determine u(l).
-5
Let m(n) = -10*n - 99. Let w be m(-10). Let o(z) = -5*z**3 - z**2 + 2*z - 1. Give o(w).
-5
Let d(l) = 6*l - 5. Let s be 18/14 - 4/14. Let o(j) = -j. Let p(t) = s*d(t) + 5*o(t). Calculate p(0).
-5
Let n(h) = h - 10. Let i(s) = 4*s - s + 4*s**3 + s**2 - 3*s**3 + 7 - 4*s. Let j be i(0). Let d be n(j). Let p(b) = b**2 + 3*b. Give p(d).
0
Let n(w) = w + 24. Let a be n(-20). Let d(m) = -2*m**2 + 5*m + 2. Give d(a).
-10
Let f(n) = -n + 16. Suppose 0 = -2*d + 19 - 1. Calculate f(d).
7
Let a = 4 - 2. Let o(g) = 4*g + 2. What is o(a)?
10
Let a = 3 - 3. Suppose -p - t + 1 = a, -p = -5*p - 2*t + 6. Let s(k) = 6 + 0*k - 3*k - k**p - 3. Determine s(-4).
-1
Suppose 4*k + 8 = 56. Suppose 0*f - k = -4*f. Let a = 5 - f. Let n(s) = -s**3 + 2*s**2 + s + 2. Calculate n(a).
4
Let s(i) = -6*i + i**2 - 4 + i + 2*i. Let m(z) = z**2 - 15*z + 31. Let h be m(13). Calculate s(h).
6
Let y = -21 + 7. Let f = 14 + y. Let g(h) = -h**3 + h - 5. Determine g(f).
-5
Let m(n) = -8*n**3 - n**2 + 1. Let y(b) = -b**2 - 20*b + 70. Let t be y(-23). Determine m(t).
-8
Suppose 3 = m - 4*m. Let d = m - -3. Let w(l) = 2*l**2 + 0 + 2*l**2 + 1 - d*l. Calculate w(2).
13
Let a(o) = -7*o - 2. Let h(g) = 6*g + 2. Let s(t) = 5*a(t) + 6*h(t). Give s(-6).
-4
Suppose 3*v + 33 = -v + 5*k, k = 5*v + 15. Let h = 7 + v. Let g(z) = -z**2 + 6*z + 5. What is g(h)?
10
Let r(p) = -2*p - 2. Let b(h) = h - 8. Let g be b(15). Let m(z) = z**3 - 3*z**2 - z - 2. Let s be m(4). Let k = s - g. Calculate r(k).
-8
Let z(x) be the first derivative of -x**2/2 - 4*x + 1. Let j = 43 + -40. Suppose d = 2*d + j*g + 3, -4*d = -5*g + 12. What is z(d)?
-1
Let f be (-3)/12 - 51/(-12). Suppose f